{"id":45,"date":"2025-06-04T21:28:28","date_gmt":"2025-06-04T19:28:28","guid":{"rendered":"https:\/\/soluservice74.fr\/?page_id=45"},"modified":"2026-02-23T20:43:59","modified_gmt":"2026-02-23T19:43:59","slug":"mon-expertise-a-propos-de-moi","status":"publish","type":"page","link":"https:\/\/soluservice74.fr\/index.php\/mon-expertise-a-propos-de-moi\/","title":{"rendered":"Parcours et exp\u00e9rience"},"content":{"rendered":"\n<h2 class=\"wp-block-heading\"><br><strong>\u00c0 propos de SoluService74<\/strong><\/h2>\n\n\n\n<p>Assistante administrative ind\u00e9pendante, j\u2019accompagne entrepreneurs et petites structures dans leur gestion administrative afin de leur permettre de se concentrer sur leur activit\u00e9.<\/p>\n\n\n\n<h2 class=\"wp-block-heading\">Mon parcours<\/h2>\n\n\n\n<p>J\u2019ai d\u00e9velopp\u00e9 plus de 10 ans d\u2019exp\u00e9rience en administratif et 5 ans en assistance client\u00e8le, au sein de diff\u00e9rents environnements professionnels.<\/p>\n\n\n\n<p>Ces exp\u00e9riences m\u2019ont permis d\u2019acqu\u00e9rir :<\/p>\n\n\n\n<ul class=\"wp-block-list\">\n<li>rigueur administrative<\/li>\n\n\n\n<li>sens de l\u2019organisation<\/li>\n\n\n\n<li>gestion des priorit\u00e9s<\/li>\n\n\n\n<li>communication professionnelle<\/li>\n\n\n\n<li>suivi de dossiers<\/li>\n<\/ul>\n\n\n\n<h2 class=\"wp-block-heading\">Ma mission<\/h2>\n\n\n\n<p>Apporter aux entrepreneurs un soutien administratif fiable, humain et efficace, pour simplifier leur quotidien professionnel.<\/p>\n\n\n\n<h2 class=\"wp-block-heading\">Mes valeurs<\/h2>\n\n\n\n<ul class=\"wp-block-list\">\n<li>confiance<\/li>\n\n\n\n<li>confidentialit\u00e9<\/li>\n\n\n\n<li>organisation<\/li>\n\n\n\n<li>fiabilit\u00e9<\/li>\n\n\n\n<li>simplicit\u00e9<\/li>\n<\/ul>\n\n\n\n<h2 class=\"wp-block-heading\">Pourquoi SoluService74 ?<\/h2>\n\n\n\n<p>SoluService74 est n\u00e9 de la volont\u00e9 d\u2019offrir un service administratif flexible et accessible aux ind\u00e9pendants et aux petites structures, souvent seuls face \u00e0 leur gestion administrative.<\/p>\n","protected":false},"excerpt":{"rendered":"<p>\u00c0 propos de SoluService74 Assistante administrative ind\u00e9pendante, j\u2019accompagne entrepreneurs et petites structures dans leur gestion administrative afin de leur permettre de se concentrer sur leur activit\u00e9. Mon parcours J\u2019ai d\u00e9velopp\u00e9 plus de 10 ans d\u2019exp\u00e9rience en administratif et 5 ans en assistance client\u00e8le, au sein de diff\u00e9rents environnements professionnels. Ces exp\u00e9riences m\u2019ont permis d\u2019acqu\u00e9rir : [&hellip;]<\/p>\n","protected":false},"author":1,"featured_media":0,"parent":0,"menu_order":0,"comment_status":"closed","ping_status":"closed","template":"","meta":{"footnotes":""},"class_list":["post-45","page","type-page","status-publish","hentry"],"jetpack-related-posts":[],"jetpack_sharing_enabled":true,"jetpack_likes_enabled":true,"_links":{"self":[{"href":"https:\/\/soluservice74.fr\/index.php\/wp-json\/wp\/v2\/pages\/45","targetHints":{"allow":["GET"]}}],"collection":[{"href":"https:\/\/soluservice74.fr\/index.php\/wp-json\/wp\/v2\/pages"}],"about":[{"href":"https:\/\/soluservice74.fr\/index.php\/wp-json\/wp\/v2\/types\/page"}],"author":[{"embeddable":true,"href":"https:\/\/soluservice74.fr\/index.php\/wp-json\/wp\/v2\/users\/1"}],"replies":[{"embeddable":true,"href":"https:\/\/soluservice74.fr\/index.php\/wp-json\/wp\/v2\/comments?post=45"}],"version-history":[{"count":2,"href":"https:\/\/soluservice74.fr\/index.php\/wp-json\/wp\/v2\/pages\/45\/revisions"}],"predecessor-version":[{"id":51,"href":"https:\/\/soluservice74.fr\/index.php\/wp-json\/wp\/v2\/pages\/45\/revisions\/51"}],"wp:attachment":[{"href":"https:\/\/soluservice74.fr\/index.php\/wp-json\/wp\/v2\/media?parent=45"}],"curies":[{"name":"wp","href":"https:\/\/api.w.org\/{rel}","templated":true}]}}